.
27
Let n(x) be the first derivative of -26 + 7/4*x**4 + 2*x - 2/3*x**3 - 1/2*x**2. Determine n(2).
48
Suppose -2*c = 0, 3*c + 0*c + 28 = 2*f. Let w(t) = 3 + 5*t + 0*t + f*t**2 - 13*t**2. Determine w(-5).
3
Let d(f) = -f + 24. Let u be d(13). Let y(x) = -2*x + 32. Let c(j) = -j + 17. Let o(k) = u*c(k) - 6*y(k). What is o(-2)?
-7
Suppose 0 = -2*j + 10, -j + 2*j - 33 = -2*m. Let v(x) = x**3 + 24*x**2 - 3 - 14*x**2 - m*x**2. Let y be v(4). Let s(l) = l**3 + 3*l**2 - 2. Determine s(y).
-2
Let v be (-4)/(-10) - (-141)/(-15). Let w(k) = -2*k**2 + 5 + 2*k**2 + k**2 - 15 + 9*k. Calculate w(v).
-10
Suppose 420 = t + 13*t. Suppose 21 + 129 = -t*s. Let y(v) = -v**2 - 6*v + 4. Calculate y(s).
9
Let p(u) = u**2 - u. Let m(a) be the first derivative of -2*a**3/3 + 4*a**2 - 9*a + 32. Let d(c) = m(c) + p(c). Suppose -5*b = -3*b - 12. Determine d(b).
-3
Let w(n) = -4*n**2 + 24 + 18*n**2 + 3*n**2 - 9*n - 5*n**2 - 11*n**2. Determine w(6).
6
Let i(o) = -o**3 - 6*o**2 + 6*o - 20. Let b be (-6783)/931 - (-1 + (-3)/(42/(-10))). Give i(b).
-13
Suppose 4*u - 4*y - 4 = -8*y, -3*y = 5*u - 7. Suppose -u*c = -50 + 4. Let v(t) = -1 - t**3 + c*t**2 + 16*t**2 - 45*t**2 + 8*t. Give v(-7).
-8
Suppose -2*j + 6 + 10 = 4*o, -5*j = 0. Let k(d) = 2 - 8*d - o*d + 2*d + 6*d - d. What is k(3)?
-13
Let f(x) = -x**3 - 2*x**2 + 2*x + 3. Suppose -11*d = -6*d + 160. Let s be (d - -24)*(5/8 - 1). Calculate f(s).
-36
Suppose -15*x - 5*x + 19*x = -1. Let j(s) = -5*s**2 - s + 1. Give j(x).
-5
Let z(g) = -10*g**2 - 25*g + 3. Let t(j) = -11*j**2 - 31*j + 4. Let n(b) = 4*t(b) - 5*z(b). What is n(2)?
27
Let r be (0 - 1)/(21/84). Let v = 0 - r. Let l(u) = -2 - v*u**2 + 13*u - 11*u - 6*u. Determine l(-2).
-10
Let z(i) = i**2 + 10*i + 10. Let q = -1125 + 2246. Let o be 12/(-21) - q/133. What is z(o)?
1
Let k(p) be the third derivative of p**5/30 - p**3/3 - p**2. Suppose 3*s = -3*j + 12, 4*s + 2*j = s + 12. Suppose 145*n = 147*n + s. What is k(n)?
6
Suppose 337 = 3*k + 5*r, -k - r + 111 = 2*r. Let x = k - 64. Let s = 52 - x. Let d(i) = 2*i**3 - 4*i + 3. Determine d(s).
11
Let w(i) = -13*i - 2. Let a(u) = -44*u + 85. Let v be a(2). Determine w(v).
37
Let o = -9 - -15. Suppose -3*u + o*u - 2 = 2*i, u = -2*i + 6. Let v(q) be the first derivative of q**2/2 - 2*q + 60. Give v(u).
0
Let h(r) = -r**2 + 2*r + 8. Let j(c) = c**3 - 9*c**2 - 49*c - 21. Let f be j(13). Suppose 0 = -3*k + f*k. Calculate h(k).
8
Suppose -11 = 2*q - 51. Suppose q = 2*a + 3*a. Let k(f) = -2 + 1 + 2*f + 3 + 0*f - f**2. What is k(a)?
-6
Let h(f) be the second derivative of f**5/20 - 5*f**4/12 - 5*f**3/6 + f**2/2 + 88*f. Let r(a) = -a**2 + 13*a - 7. Let d be r(7). Let p = -29 + d. What is h(p)?
7
Suppose -299*i + 3420 = -489*i. Let u(t) = -2*t**3 - 35*t**2 + 19*t + 30. Determine u(i).
12
Let t(k) = 2*k**3 - 19*k**2 - 14*k + 12. Suppose -5*f + 22*f + 51 = 0. Let b(y) = 6 - 9*y**2 - 3*y + 0*y**3 + y**3 - 4*y. Let p(d) = f*t(d) + 7*b(d). Give p(7).
6
Let c(n) = -n**3 + 6*n**2 - n - 33. Suppose -5*b - 3*x - 206 + 254 = 0, -x + 6 = 0. Determine c(b).
-39
Let l(f) = -f - 3. Let b be l(-7). Suppose b = y + 1. Let i be 3 - (-1 + y + -3 + 1). Let c(x) = -x**3 + 3*x**2 - x + 2. Calculate c(i).
-1
Let i(q) = -q**2 + 3*q - 1. Let c(o) = -o**2 + 4*o - 4. Let u(s) = 4*c(s) - 5*i(s). What is u(0)?
-11
Let s(t) = t**3 - 5*t**2 - 5*t + 3. Let o be 4*(-14 + 2) - (15 - 13). Let m = o - -56. What is s(m)?
9
Let i(j) = -5*j + 4586 - 4568 + 670*j**2 - 669*j**2. Give i(9).
54
Suppose -3 = -f - m, f - 5*m = -1 - 2. Let l(v) = 108*v**2 - 216*v**2 + 111*v**2 - 3 - f*v. Give l(-2).
13
Let m be 3/(-3) + -7*11. Let b = m + 79. Let g(y) = 2*y**2 - 22*y**3 - y**2 - y + 4*y**3. Calculate g(b).
-18
Suppose 2*s = 3*s + 10. Let j be (5 - 4)/(2/s + 0). Let u(y) = -y**3 - 5*y**2 - 2*y. What is u(j)?
10
Let a(y) = -y**2 - 3*y - 21. Let o(p) = -2*p**2 - 20*p - 43. Let x(q) = -5*a(q) + 2*o(q). Give x(0).
19
Let b(a) be the first derivative of -a**4/4 - 14*a**3/3 - a**2/2 - 21*a + 3094. Determine b(-14).
-7
Let g(u) = -14*u + 86. Let w be g(7). Let f be 2/w + (-74)/(-84)*7. Let r(o) = o**2 - 5*o - 2. Determine r(f).
4
Suppose -419 = 20*g - 4*g - 35. Let r(u) = u**2 + 25*u + 27. Calculate r(g).
3
Let t be 8/(-6) + (-10)/(-3). Let m(b) = -20 + 2*b**t - 18*b + 43 + b - 35. Give m(9).
-3
Let k be (-6)/(-8) + 645/(-172). Let x(h) = h**3 + 6*h**2 + 25*h + 43. What is x(k)?
-5
Suppose 3*n = 5*i - 8 + 246, -2*n + 2*i = -164. Let u = -36 - -126. Let v = n - u. Let f(z) = z**3 + 4*z**2 + 2*z + 3. Determine f(v).
-5
Let p(b) be the second derivative of b**4/4 - b**2/2 - 61*b. Let m be -2*(-3)/(24/(-4)). Let r be 6/(-12)*m*4. Determine p(r).
11
Let n(k) be the third derivative of -k**6/120 - 7*k**5/60 + 11*k**4/24 - k**3/3 + 406*k**2. Let d = -208 + 200. What is n(d)?
-26
Let m(g) = -7*g**3 + 5 - 4 + 55*g + 5*g**3 - 57*g - 7*g**3. Suppose -5*w - 12 = 4*j, -4*j + 2*w + 10 - 50 = 0. Let x be (-1)/3 - j/6. Calculate m(x).
-10
Let m be (24*(-18)/(-702))/(6/39). Let f(h) = 77*h - 302. Give f(m).
6
Let b(w) = -3*w**3 - 4*w**2 - 3*w - 2. Suppose 3 = 4*u - 7*u. Let i(z) = z**3 - 8*z**2 + 7*z - 8. Let t be i(7). Let r be (t/(-20))/(u/5). Give b(r).
12
Let h(l) be the third derivative of -1/12*l**4 + 0 + 0*l - 1/60*l**5 - 101*l**2 - 1/3*l**3. Let v = -1 - 2. Determine h(v).
-5
Let x(g) = -g + 5. Let d = 6 - -3. Let u = -30 + 54. Suppose d*n + u = 12*n. Calculate x(n).
-3
Suppose 0 = -332*w + 608*w - 276. Let x(o) = 141*o - 6. What is x(w)?
135
Let f(l) = -l**3 - 20*l**2 - 27*l - 145. Let p be f(-19). Let y(z) = -z**3 + 12*z**2 - 35*z - 3. Determine y(p).
-3
Let x(c) = -17*c - 1315. Let f be x(-77). Let m(l) = -l + 7. Determine m(f).
13
Let b = 5 - -1. Let c(y) be the second derivative of y**4/12 - y**3 - 3*y**2/2 + 3*y - 1479. Determine c(b).
-3
Let v(x) be the first derivative of -x**4/4 + 11*x**2/2 - 8*x - 131. Determine v(-4).
12
Let g(u) = -5*u + 3. Let x(t) = -9*t + 11. Let j(h) = -9*g(h) + 4*x(h). Calculate j(-7).
-46
Let j(d) be the second derivative of 0 - 7/10*d**5 + 0*d**2 + 1/6*d**3 + 0*d**4 + 55*d. Calculate j(-1).
13
Let p be (-94)/141 + 87/9. Let o(z) = -2*z**2 + 7*z + 6. Determine o(p).
-93
Let q(l) = l**3 + 12*l**2 + 15*l + 23. Let j be ((-306)/(-357))/((-3)/35) + -1. What is q(j)?
-21
Let n(g) = -g**3 + 3*g**2 - 4*g - 4. Let t = -539 - -543. Calculate n(t).
-36
Let z(r) = -r + 1. Suppose 4*j + f - 56 = -2*f, 0 = 2*f. Let i = j - 10. Suppose 0 = i*u + 7 + 5. What is z(u)?
4
Let s = -25 + 26. Let c(w) = -w**2 + 6*w - 3. Let b be c(5). Let y(z) = -68 - 21*z**b + 31 + z + 37. Calculate y(s).
-20
Let k(z) = -13*z. Let s(f) = f. Let c(x) = -2*k(x) - 22*s(x). Let v be 4/8 - (-10)/(-20). Suppose -2*i - 10 = 0, v*q + i = -3*q - 2. Determine c(q).
4
Let d(i) = -2*i + 264*i**3 - 347*i**2 + 341*i**2 - 11 - 263*i**3. Give d(7).
24
Let z(a) = 2*a**2 - 8*a + 2. Let l(j) be the second derivative of j**4/12 - 2*j**3/3 + j**2/2 - 63*j. Let y(o) = -9*l(o) + 4*z(o). Determine y(7).
-22
Let r(i) = 7*i - 2. Let q(h) = -19*h + 5. Let l(j) = 4*q(j) + 11*r(j). Let m(u) be the first derivative of u**3/3 - 5*u**2/2 - 1. Let v be m(6). What is l(v)?
4
Suppose -2*q - 23 + 49 = 5*d, 0 = 4*d - 5*q - 34. Let c(i) = 5*i - 22 + d*i - i**3 - 8*i**2 - 15 + 41 + 0*i**3. Give c(-9).
-14
Let h(l) = -21*l + 149. Let x = 13260 + -13253. What is h(x)?
2
Suppose 8 - 17 = 3*v. Let y(r) = -r. Let q(c) = c**2 - 4*c + 4. Let d(f) = v*y(f) - q(f). Let i = -119422 - -119428. What is d(i)?
2
Let j(s) be the second derivative of -s**5/20 + 7*s**4/12 + 8*s**2 + 3*s - 268. What is j(7)?
16
Suppose 6*i - 7*i + 184 = 2*a, -2*i - 5*a = -369. Suppose 0 = 176*u - i*u - 12. Let d(g) = 3*g - 3*g - g + 2*g**2 - 1. Give d(u).
9
Let s = -16 + 9. Let o(k) be the third derivative of -1/120*k**6 + 0*k + 5/6*k**3 - 1/10*k**5 + 18*k**2 + 0 + 1/3*k**4. Calculate o(s).
-2
Let w(l) = l**3 + 4*l**2 - l + 2. Let t(u) = -u**3 + 21*u**2 - 7*u - 20. Let i be t(21). Let m = -171 - i. Give w(m).
6
Let g = 2556 - 2559. Let w(q) be the third derivative of q**4/8 + q**3/3 - 4*q**2. Calculate w(g).
-7
Let d be 2/42 + 442/1547. Let n(m) be the first derivative of -15 + 5/2*m**2 - 2*m - d*m**3. What is n(5)?
-2
Let h(v) = 2985 - 1006 - v - v - 1030 - 993. Let r = 35 - 55. What is h(r)?
-4
Let s(p) = 12*p - 195 + 151 + 2*p + 83 - 2*p. Give s(-6).
-33
Let o be